*i = 15, x - 5*i + 3 = -2*x. Suppose n - x = -n. Suppose -3*z + 0*a + 351 = n*a, 4*a + 12 = 0. Is z a prime number?
False
Let s = 1349 + -828. Is s a composite number?
False
Let y = -341 + 820. Is y composite?
False
Suppose 2*z = -s + 2, 3*s + 6 = -2*z - 0*s. Suppose -v + z = -1. Suppose 0 = 4*f + 3*o - 126, 0*o = v*f - 3*o - 138. Is f a composite number?
True
Let r(q) = 3*q**2 + 1. Let d be r(-2). Let n = d + 3. Suppose -y + 3 = -n. Is y a composite number?
False
Suppose -4*v = -v + 2*u - 1336, -v + 450 = -4*u. Is v prime?
False
Let c(r) be the first derivative of -1/2*r**2 - 3 - 2*r + 4/3*r**3. Is c(3) a prime number?
True
Let l = 358 - -565. Is l composite?
True
Is (-1905)/(-5)*1/3 a composite number?
False
Suppose 3*t - 8*t + 5 = 0, t - 961 = -3*r. Suppose 0 = 4*l - 5*c - 258, -5*l - r = -10*l + 5*c. Is l a composite number?
True
Let u be (-67)/4 - 4/16. Let k = 5 - u. Is k a prime number?
False
Suppose 15 = 5*i, b + 21 = 4*b + i. Suppose o = -2*p + b, -5*o - 5 = 2*p - 67. Is o a prime number?
False
Suppose 82 = -2*o + 4*r, -5*r - 250 = 5*o - 0*r. Let l = o + 138. Is l composite?
True
Let n = 11 + -16. Is 336 - 4 - (-2 - n) prime?
False
Let x be ((-1)/((-2)/(-4)))/1. Let c be 3/x*(-12)/9. Suppose -z = -c*z + 6. Is z prime?
False
Let a = 1422 - 789. Is a composite?
True
Suppose 0 = -5*v - 3*i - 99, -v + 48 = -4*v + 2*i. Let f = 52 + v. Is f a prime number?
False
Is 1*(-1 - -2 - -570) a composite number?
False
Let m(i) = -13*i + 10. Let g be m(8). Is (g/(-4)*2)/1 a composite number?
False
Let n = 2 + 2. Let t be -1*5*5460/(-75). Suppose -5*l = -p - p - 453, 0 = -n*l + 2*p + t. Is l a composite number?
False
Suppose -p + b = 0, -5*p + 4*b - 2 = -5. Suppose 7*z = p*z + 212. Is z prime?
True
Let c(f) = -f**3 - 15*f**2 + 11*f + 7. Is c(-16) composite?
True
Let v(y) = 2*y**3 - 3*y**2 - 4*y - 3. Let x be v(-4). Let f = -116 - x. Is f composite?
False
Let s = -123 - -57. Suppose -y - 11 = h - 5*y, -1 = 2*h - y. Is (2/(-4))/(h/s) a composite number?
True
Suppose -3*j + 22920 = -8*j. Is j/(-60) - 6/(-10) prime?
False
Let r be 46 - 2 - 1*-1. Let q = -2 - 0. Is (-3)/(-6) - r/q a composite number?
False
Let a = 408 + 227. Is a composite?
True
Let y = -430 + 1163. Is y prime?
True
Let g(k) = k**2 + k + 82. Let n be g(0). Let j = 37 + n. Is j a composite number?
True
Suppose -5*b + j + 10 = 6*j, 0 = -b + 5*j - 22. Let y be ((-12)/(-3))/(b/(-1)). Suppose -y*g = 5*c - 269, 2*c + 4*g + 0*g - 114 = 0. Is c prime?
True
Let h(g) = -g**3 + 3*g**2 + 3*g + 3. Let l be h(4). Let r be 0 + l + 0 + -4. Let n = 12 + r. Is n a composite number?
False
Suppose 96 = -2*h + 830. Is h prime?
True
Suppose 0 = -2*f - 3 + 9, -5*f = 3*k + 21. Let p = k + 65. Is p composite?
False
Let j = 0 - -2. Is ((-65)/15)/(j/(-6)) composite?
False
Let i(u) = 81*u**2 + 4*u + 9. Is i(-6) a prime number?
False
Let d(g) = 14*g + 8. Let s be d(6). Let k be ((-3)/2)/((-6)/272). Suppose -4*p - 10 + k = 2*t, -3*t + s = p. Is t composite?
False
Suppose 0 = -y - i + 20, -2*y + i + 44 = -2. Is y prime?
False
Suppose 5*r - 9 = 1. Suppose 5*j - r*j - 93 = 0. Is j a composite number?
False
Let l be -1 + -1 + 4 + 1. Let r(a) = 4*a**3 - 4*a**2 + 2*a + 1. Is r(l) composite?
False
Let a = 2 + 1. Is ((-55)/1)/(a + -4) prime?
False
Let x be (-2)/5 - (-27)/5. Suppose -x*a + 0*a = -1905. Is a a composite number?
True
Is -5*(11 - 12)/((-5)/(-211)) a composite number?
False
Let m be 14/(-3)*(-6)/4. Suppose -3*p - 16 = -m*p, -2*j - 2*p = -682. Is j composite?
False
Suppose -4*m - 4*d + 1524 = -2020, -4*m + 3550 = 2*d. Is m prime?
False
Suppose -3*q = 22 - 4. Let y(c) = 17*c + 2. Let h be y(q). Let w = -21 - h. Is w composite?
False
Let a(z) = 105*z + 38. Is a(5) composite?
False
Suppose 2*g + c = 265, -8*g + 670 = -3*g - 5*c. Is g a composite number?
True
Suppose -a = a - 742. Let g = a + -64. Is g composite?
False
Let r = 16 - 4. Is ((-6)/r)/(1/(-14)) composite?
False
Let i(o) = -o**3 + 11*o**2 + 12*o + 1. Let n be i(11). Suppose -2*k + 775 = n. Is k a prime number?
False
Is (-17625)/(-27) + 2/9 a prime number?
True
Suppose 1 = -3*s - 2*i + 85, 0 = -3*i. Suppose s = -4*p + 8, -5*p = -3*t + 100. Is t prime?
False
Let t = 55 - -20. Suppose -5*j - 3*o = 2*o - t, -44 = -3*j - 2*o. Is j a composite number?
True
Let w = -391 - -900. Is w prime?
True
Let c = 303 - 50. Is c a prime number?
False
Let n = -1 + 1. Let q be 2 - -11 - 2/1. Let h = n + q. Is h prime?
True
Is (1076/(-8))/((-5 - -1)/24) a prime number?
False
Let p = -4 - -14. Let s(q) be the third derivative of q**4/24 + 3*q**3/2 - 28*q**2. Is s(p) prime?
True
Let r = 755 + -220. Is r composite?
True
Let u be 4/(-10) - 1186/10. Let f = u - -216. Is f prime?
True
Let b(j) = -13*j**2 - 9*j + 18. Let f(r) = 7*r**2 + 4*r - 9. Let x(k) = -6*b(k) - 11*f(k). Is x(6) a prime number?
False
Suppose -o + 2494 = -2685. Is o composite?
False
Let w(i) = 19*i**2 - 26*i - 1. Is w(-6) a composite number?
False
Suppose -5*y + 343 + 742 = 0. Is y prime?
False
Is 21/2*(-1738)/(-33) a prime number?
False
Let c be 4 + (3/1)/(-3). Is (-2)/(4/c)*-26 prime?
False
Suppose -7*v = v - 5672. Is v prime?
True
Let p(f) = f**3 + f + 1. Let t(k) = -3*k**3 + k - 9. Let m(j) = 4*p(j) + t(j). Is m(4) a prime number?
True
Suppose 0 = -x + 273 + 406. Is x a prime number?
False
Let b = -11 + 17. Let n be 4/b + (-1749)/(-9). Let m = n + -116. Is m a prime number?
True
Is (-72578)/(-66) - 4/6 prime?
False
Suppose 0 = -5*z + 2*h - 0 - 4, 0 = 2*z + 3*h - 6. Suppose 0 = -5*u, 3*i - 537 = -z*i + u. Is i prime?
True
Let t(q) = -2 - 3*q + 5*q**2 - 2*q**2 + 15. Let i be t(-9). Suppose -3*y = 3*a - y - i, a = 3*y + 109. Is a a composite number?
False
Let z be (0 - -1 - -2) + 18. Suppose n + 3*n + 5*h - 84 = 0, n - 4*h = z. Is n a prime number?
False
Let l(i) = i**3 + 3*i**2 + i + 3. Let x be l(-3). Let t = -187 + 320. Suppose d = -x*d + t. Is d prime?
False
Let v(q) = 17*q**2 - q + 1. Let w(x) = -x**2 + 11*x + 10. Let m be w(12). Let l be v(m). Let o = -12 + l. Is o a prime number?
True
Let r be ((-24)/14)/(6/(-21)). Suppose -r*q + 305 = -q. Is (q + 1)/(-2 + 4) composite?
False
Let r = 49 - 13. Let m = r - 3. Is m a composite number?
True
Let h = 197 + -40. Is h a composite number?
False
Suppose -k - k + 8 = 0. Let c = k - -1. Suppose 160 = 5*o - 0*o - 5*h, -4*o + c*h + 127 = 0. Is o a prime number?
False
Let r(z) = -14*z - 3. Is r(-5) composite?
False
Let x = -251 - -457. Is x composite?
True
Let j(n) be the first derivative of 1/2*n**4 + 1 + 2*n - 4/3*n**3 - 5/2*n**2. Is j(4) prime?
False
Suppose -11 - 9 = 5*h. Let c be (-2)/(-3)*(2 - h). Suppose c*k - 3*k = 237. Is k composite?
True
Let k be (-90)/(-24) + 1/4. Suppose 0 = k*m + g - 1216, -m + 0*m + 5*g = -283. Let d = m + -154. Is d prime?
True
Suppose 3*o = -5*q + 946, 4*o - 771 = q + 452. Is o composite?
False
Suppose -4*r + 5*v = -8192, 3*r = 5*r + 2*v - 4114. Is r composite?
False
Let k(c) = c**3 - 7*c**2 + 5*c + 6. Let p be k(6). Suppose -b + 18 + 35 = p. Is b prime?
True
Let x(v) = 14*v**2 - 4*v - 3. Let l be x(-2). Suppose -5*o + l = -c + 6, 0 = -c. Suppose -5*u - o = -116. Is u composite?
True
Let b(k) = -3*k + 15*k + 1 + 12*k**2 + 14 + 0*k + k**3. Let p be b(-11). Let m(n) = 2*n**3 - 4*n**2 + 2*n - 5. Is m(p) a prime number?
True
Suppose 3*j - 7371 = -3*d, d + 625 = j - 1836. Is j composite?
False
Suppose -11*a + 7951 = 2682. Is a a prime number?
True
Let r(n) = -n + 4. Let p be r(-6). Let b = p + -11. Let h(f) = 56*f**2 + 2*f + 1. Is h(b) composite?
True
Suppose -3*s + 249 = q - 4, 0 = -2*q - 2*s + 522. Is q a prime number?
False
Let h(v) = 11*v**2 + 2*v + 1. Is h(-1) a composite number?
True
Let c(r) be the first derivative of 4*r**3/3 - r**2/2 + 3*r + 2. Is c(8) composite?
False
Let d(c) = -c - 6. Let l be d(0). Let p be l/(-9)*(-1 + 7). Suppose -40 = -2*s + p*t - 2, 3 = -t. Is s a prime number?
True
Let j be (1 - (2 - -1))*1. Is ((-74)/(-8))/(j/(-8)) composite?
False
Let j(q) = -q**2 - 4*q. Let b(u) = 2*u**2 + 4*u - 1. Let k(i) = -2*b(i) - 3*j(i). Let y be k(4). Suppose -4 = -y*t, t + 10 - 47 = -w. Is w prime?
False
Let m be 256/6 - 4/6. Let w = 31 + -8. Let v = m - w. Is v a composite number?
False
Let p(j) = j + 10. Let i be p(-10). Let o(n) = n**3 + 5*n**2 - 6*n + 3. Let y be o(-6). Suppose i = y*d - 2*m - 171, -2*m + 119 = -5*d + 400. Is